e hundreds digit of 2274/(-4)*-3*10/f?
3
Let v(z) = 15*z**3 + 4*z - 5. Let q be v(1). Suppose 0 = 4*c + 16, q*h + 20 = 17*h + c. What is the units digit of h?
8
Let c(a) = 663*a + 32. Let q be c(7). Suppose -5*o + 9*h + 5850 = 14*h, 0 = -4*o + 3*h + q. What is the units digit of o?
9
Let z(v) = -2 + 1 - 8*v + 6*v - 5. Let l be z(-4). Suppose -10 - l = -2*t. What is the units digit of t?
6
Let r be 11/13 + (-36)/(-234). What is the hundreds digit of r*-5 - (8 - 335)?
3
Suppose -19*p = -2*n - 23*p + 6046, -5*p - 15145 = -5*n. What is the thousands digit of n?
3
Let b(a) be the first derivative of -a**2/2 - 8*a - 28. Let g be b(-8). Suppose -10*r + 457 + 23 = g. What is the tens digit of r?
4
Let l be 30/(-4)*(-5)/(15/2). Suppose 0*x - x + l*i = -40, 2*i = 5*x - 108. Let s = 83 + x. What is the tens digit of s?
0
Let q = -35 - -169. Let t = 245 - q. What is the hundreds digit of t?
1
Suppose 475*a - 238*a = 185*a + 1877460. What is the hundreds digit of a?
1
Let y(u) = 3*u + 1. Let q be y(0). Suppose -q = -a + 101. What is the units digit of a?
2
Let z(g) = -142*g + 99. Let s be z(-7). Suppose p - 3*p = 4, -5*w = -4*p - s. What is the units digit of w?
7
Let c be (11 + (-1)/1)*(-10)/10. Let a be (-15)/c + (-51)/6. What is the tens digit of (-320)/(-14) - 1/a?
2
Let u(t) = -59*t + 27. Let y be u(-10). Suppose -6*o + 3*o - 5*b = -610, 3*o - 2*b = y. What is the units digit of o?
5
Let c be (-96)/(-1) + 2*-1. Let i(b) = 2*b**2 - 27*b + 81. Let t be i(0). Let f = c - t. What is the tens digit of f?
1
Let o = -45921 + 64666. What is the hundreds digit of o?
7
Suppose -33*w = -29*w + 12. Let s be 6 + (-10)/5 + w. What is the units digit of (-6)/(-3) + s*75?
7
Let o be (-4)/(-12) - (-7)/((-84)/(-175988)). Suppose o + 4358 = 16*s. What is the tens digit of s?
8
Let l(g) = -g**2 - g - 2. Let f be l(-3). Let w be 33/99*(-5)/(25/30). What is the units digit of (w/5)/(f/3860)?
3
Let p(m) = -m**2 - 5*m - 7 + 15 - 2*m. Let f be p(-8). What is the tens digit of f + 2 + (-108)/(-1)?
1
Suppose -18*y = 72*y - 9180. Suppose -3*o = o - j + 347, 2*o + 2*j + 166 = 0. Let a = o + y. What is the units digit of a?
6
Let u(j) = -3*j**2 + 24*j + 2. Let h be u(8). Suppose -h*i - i = -390. What is the tens digit of i?
3
Let r(c) = 145*c**2 - 2*c - 13. Let p be r(-3). Suppose -3*i + 110 = -2*m - p, 2*m = -5*i - 1392. Let n = -495 - m. What is the tens digit of n?
0
Let m(s) be the third derivative of -s**6/60 - s**5/30 - s**4/3 - s**3 - 4*s**2. Let r be (1/(-3))/((-37)/(-9) + -4). What is the units digit of m(r)?
4
Let j(s) = -s**2 + 5*s + 30. Let r be j(7). Let v(i) = -71*i + 2*i**3 + 43*i + 34*i - r + 31*i**2. What is the units digit of v(-15)?
9
Let s be 3/(-27)*-417 + (-6)/(-9). Let y = 47 - s. What is the tens digit of 81 - (2 + -1 + y)?
8
Let r(t) = t**3 + 8*t**2 - 3*t + 3. Let d be r(-7). Let h = d - 21. Suppose -2*a - 4*x + h + 42 = 0, 5*a - 4*x = 249. What is the tens digit of a?
4
Suppose 8604729 = -377*o + 22845904. What is the hundreds digit of o?
7
Let g(u) = 3*u - 50. Let x(j) = 7*j - 101. Let p(q) = -5*g(q) + 2*x(q). Let m(o) = o**2 + 3*o - 5. Let c be m(4). What is the units digit of p(c)?
5
Suppose -2*t + 12 - 2 = 0, 2*c + 2*t - 78 = 0. Suppose 4*z = c*z - 22350. What is the units digit of z?
5
Let v = 13 + -16. Let p(h) = 11*h**2 - 19*h - 13. Let k(t) = 5*t**2 - 10*t - 7. Let j(z) = v*p(z) + 7*k(z). What is the units digit of j(10)?
0
What is the ten thousands digit of ((-30)/(-25))/(-3*(-6)/153030)?
1
Suppose -4*h = 12, 5*c = 3*h + 149428 + 74661. What is the ten thousands digit of c?
4
Let i = 9806 - 3776. What is the thousands digit of i?
6
Let m = 98 - 98. Suppose m = -5*a - 3*y + 1240, y = 3*a + 3*y - 744. What is the units digit of a?
8
Let n(i) = 51*i**2 + 38*i + 1211. What is the hundreds digit of n(-22)?
0
Suppose 5*p = -10 - 10, 3*p + 84 = -4*l. Let u be 51/l + -1 + 10/12. What is the units digit of 109/(-2)*(-5 - u)?
9
Suppose p = 2*v + 566, -3*v = 3*p - v - 1674. Suppose -11*s + p = -4*s. Let w = s - -11. What is the units digit of w?
1
Suppose 0 = 2*g - 3*q - 62187, 10*q - 12*q + 155534 = 5*g. What is the thousands digit of g?
1
Let j(v) = 7*v**2 - 8*v + 5. Let h be j(1). Suppose 2*y = -5*m + 2509, 3*y + 0*m - 3746 = -h*m. What is the hundreds digit of y?
2
Let g be 6/(-51) - 3870/51. What is the units digit of 4/(-38) - 4498*6/g?
5
Suppose 1090500 + 217100 = 40*k. What is the ten thousands digit of k?
3
Suppose 8*q = -273 - 527. Let h = -24 + q. Let w = h - -240. What is the hundreds digit of w?
1
What is the tens digit of (-73572)/(-45) - 22/(-330)?
3
Let g(x) = -64*x + 475. What is the tens digit of g(-51)?
3
Let c = 2002 - 3438. Let i = c + 3120. What is the hundreds digit of i?
6
Let a = 84856 + -51058. What is the hundreds digit of a?
7
Let z be (-2)/2 - (4 + 89). Let u = z - -113. What is the units digit of u*-8*(21/(-28) + 0)?
4
Let i = -1658 + 1089. Let m = i - -1173. What is the hundreds digit of m?
6
Let t(f) = -2*f**2 + 18*f - 43. Let m(n) = -5*n**2 + 54*n - 129. Let v(k) = 4*m(k) - 11*t(k). What is the units digit of v(-11)?
1
Suppose -83*a + 121*a = 248216. What is the hundreds digit of a?
5
Suppose 0 = -8*d - 250 + 314. What is the units digit of 114/d*101 + 3/4?
0
Let j(u) = -8*u**2 - 9*u - 6. Let o be j(-3). Let a = -48 - o. Suppose 3*x + x = 5*y - 655, 386 = a*y - x. What is the hundreds digit of y?
1
Let t be ((-1320)/(-75))/(2/5). What is the units digit of (28 + -48)*t/(-10)?
8
Suppose -7090 = -3*p - f, 3*p - 541*f = -540*f + 7082. What is the tens digit of p?
6
Let v(s) = s**3 - 14*s**2 + 19*s - 13. Let i be v(13). Suppose 37608 = i*x - 3797. What is the tens digit of x?
3
Suppose 3*h - h - 3*q = 4, -5*q - 36 = 4*h. Let g(i) = -i**3 + 5*i**2 - 5*i + 3. Let t be g(4). What is the units digit of 17/h*t*-1*-4?
7
Suppose -a + 2*t = -8657, -14*t - 25976 = -3*a - 13*t. What is the tens digit of a?
5
Let m(p) = 90*p - p + 15*p + 106 + 73*p. What is the tens digit of m(4)?
1
Let t = 8053 - -38. What is the units digit of t?
1
Let b = 98 + -102. Let s = 0 - b. Suppose p = -j - 3*j + 178, p - s*j - 146 = 0. What is the units digit of p?
2
Suppose k = 3*x - 1602, -4*x + 8*x - 2136 = 5*k. Suppose -35*f = -37*f + x. What is the units digit of f?
7
Let q = 21132 - 13013. What is the thousands digit of q?
8
Let w(a) = 6*a**2 + 14*a + 31. Let x be w(-17). Suppose 8*q - x = 185. What is the units digit of q?
4
Let p = -256 - -262. Let y(q) = 10*q**2 + 0*q**3 - q + 3*q - q**3. What is the units digit of y(p)?
6
Let a be (96/(-40))/(3/(-1040)). Suppose 506 = 6*z - a. What is the units digit of z?
3
Let a(l) = 29*l**2 - 65*l - 482. What is the thousands digit of a(-9)?
2
Suppose s - 5*b = 9303, 323*s - 46469 = 318*s + 2*b. What is the hundreds digit of s?
2
Let f(w) be the third derivative of w**5/60 - 3*w**4/4 - 13*w**3/6 - 29*w**2. What is the tens digit of f(27)?
3
Suppose 204*u - 979740 = 144*u. What is the tens digit of u?
2
Let h = 4708 - 1786. Suppose -h = -4*i + i. What is the tens digit of i?
7
Let j(w) = w**3 - 2*w**2 + 11*w - 60. Let y be j(4). What is the tens digit of 2*(-1 - (-8280)/y)?
3
Let c(d) = -d**2 - 35*d + 2. Let z be c(-35). Suppose -z*v + 2114 - 346 = 0. What is the units digit of v?
4
Let k = -2366 + 4692. What is the thousands digit of k?
2
Let x(h) = -2*h**2 - h. Let s be x(-6). Let i = 63 + s. What is the tens digit of 2/i*411/(-2)?
3
Let g(m) = 5*m**2 - 3*m**2 + 0*m**3 - m**3 + 58. Let j(v) = v**2 + 19*v + 88. Let o be j(-8). What is the units digit of g(o)?
8
Suppose 2*y + 13 = -3*f, -y - 1 - 5 = f. What is the tens digit of ((-2434)/f)/((-24)/(-12))*1?
1
Let z = -47 + 68. Let h(q) = -q**2 + 20*q + 29. Let b be h(z). What is the tens digit of 147*(-9)/((-108)/b)?
9
Let w(h) = h - 30. Let u be w(7). Let j = u - -19. What is the units digit of 23*(2 + (j - -3))?
3
Let q(b) = b**2 + 14*b + 51. Let z be q(-6). Suppose 0 = m + z*h - 1173, -4*h + 0*h + 2342 = 2*m. What is the units digit of m?
7
Suppose 346 = -4*q + 374. Suppose -2090 = q*s - 12*s. What is the tens digit of s?
1
Suppose 5*h + 30 = s, -130 - 50 = -6*s + 5*h. Let r = 1222 + -182. Suppose 35*t = s*t + r. What is the tens digit of t?
0
Let a be 2468/(-6)*4/((-24)/(-9)). Let q = -57 - a. Suppose 0*i - 8*i + q = 0. What is the units digit of i?
0
Let h(p